{"id":575,"date":"2024-03-22T11:20:05","date_gmt":"2024-03-22T10:20:05","guid":{"rendered":"https:\/\/cressondemereville.com\/index.php\/directory-cressonniere\/listing\/cressonniere-privat-vincent\/"},"modified":"2024-04-05T13:10:36","modified_gmt":"2024-04-05T11:10:36","slug":"cressonniere-privat-vincent","status":"publish","type":"cressonniere_dir_ltg","link":"https:\/\/cressondemereville.com\/index.php\/directory-cressonniere\/listing\/cressonniere-privat-vincent\/","title":{"rendered":"LA CRESSONNI\u00c8RE \u00c7A COULE DE SOURCE &#8211; PRIVAT Vincent"},"author":1,"comment_status":"closed","ping_status":"closed","template":"","class_list":["post-575","cressonniere_dir_ltg","type-cressonniere_dir_ltg","status-publish","hentry","cressonniere_dir_cat-cress","cressonniere_dir_cat-vente","cressonniere_dir_cat-info"],"yoast_head":"<!-- This site is optimized with the Yoast SEO plugin v27.5 - https:\/\/yoast.com\/product\/yoast-seo-wordpress\/ -->\n<title>LA CRESSONNI\u00c8RE \u00c7A COULE DE SOURCE - PRIVAT Vincent - Cresson de M\u00e9r\u00e9ville<\/title>\n<meta name=\"robots\" content=\"index, follow, max-snippet:-1, max-image-preview:large, max-video-preview:-1\" \/>\n<link rel=\"canonical\" href=\"https:\/\/cressondemereville.com\/index.php\/directory-cressonniere\/listing\/cressonniere-privat-vincent\/\" \/>\n<meta property=\"og:locale\" content=\"fr_FR\" \/>\n<meta property=\"og:type\" content=\"article\" \/>\n<meta property=\"og:title\" content=\"LA CRESSONNI\u00c8RE \u00c7A COULE DE SOURCE - PRIVAT Vincent - Cresson de M\u00e9r\u00e9ville\" \/>\n<meta property=\"og:description\" content=\"D\u00e9couvrez Vincent Privat, un mara\u00eecher d\u00e9vou\u00e9 qui a troqu\u00e9 l&rsquo;art de la maroquinerie pour l&rsquo;agriculture biologique, en devenant producteur de cresson de fontaine dans l&rsquo;Essonne. Son exploitation, \u201c\u00c7a coule de source\u201d, est le fruit d&rsquo;une reconversion professionnelle guid\u00e9e par son amour pour la nature et le mara\u00eechage, d\u00e9couvert lors d&rsquo;une visite inspirante \u00e0 une cressonni\u00e8re. [&hellip;]\" \/>\n<meta property=\"og:url\" content=\"https:\/\/cressondemereville.com\/index.php\/directory-cressonniere\/listing\/cressonniere-privat-vincent\/\" \/>\n<meta property=\"og:site_name\" content=\"Cresson de M\u00e9r\u00e9ville\" \/>\n<meta property=\"article:modified_time\" content=\"2024-04-05T11:10:36+00:00\" \/>\n<meta name=\"twitter:card\" content=\"summary_large_image\" \/>\n<meta name=\"twitter:label1\" content=\"Dur\u00e9e de lecture estim\u00e9e\" \/>\n\t<meta name=\"twitter:data1\" content=\"2 minutes\" \/>\n<script type=\"application\/ld+json\" class=\"yoast-schema-graph\">{\"@context\":\"https:\\\/\\\/schema.org\",\"@graph\":[{\"@type\":\"WebPage\",\"@id\":\"https:\\\/\\\/cressondemereville.com\\\/index.php\\\/directory-cressonniere\\\/listing\\\/cressonniere-privat-vincent\\\/\",\"url\":\"https:\\\/\\\/cressondemereville.com\\\/index.php\\\/directory-cressonniere\\\/listing\\\/cressonniere-privat-vincent\\\/\",\"name\":\"LA CRESSONNI\u00c8RE \u00c7A COULE DE SOURCE - PRIVAT Vincent - Cresson de M\u00e9r\u00e9ville\",\"isPartOf\":{\"@id\":\"https:\\\/\\\/cressondemereville.com\\\/#website\"},\"datePublished\":\"2024-03-22T10:20:05+00:00\",\"dateModified\":\"2024-04-05T11:10:36+00:00\",\"breadcrumb\":{\"@id\":\"https:\\\/\\\/cressondemereville.com\\\/index.php\\\/directory-cressonniere\\\/listing\\\/cressonniere-privat-vincent\\\/#breadcrumb\"},\"inLanguage\":\"fr-FR\",\"potentialAction\":[{\"@type\":\"ReadAction\",\"target\":[\"https:\\\/\\\/cressondemereville.com\\\/index.php\\\/directory-cressonniere\\\/listing\\\/cressonniere-privat-vincent\\\/\"]}]},{\"@type\":\"BreadcrumbList\",\"@id\":\"https:\\\/\\\/cressondemereville.com\\\/index.php\\\/directory-cressonniere\\\/listing\\\/cressonniere-privat-vincent\\\/#breadcrumb\",\"itemListElement\":[{\"@type\":\"ListItem\",\"position\":1,\"name\":\"Accueil\",\"item\":\"https:\\\/\\\/cressondemereville.com\\\/\"},{\"@type\":\"ListItem\",\"position\":2,\"name\":\"LA CRESSONNI\u00c8RE \u00c7A COULE DE SOURCE &#8211; PRIVAT Vincent\"}]},{\"@type\":\"WebSite\",\"@id\":\"https:\\\/\\\/cressondemereville.com\\\/#website\",\"url\":\"https:\\\/\\\/cressondemereville.com\\\/\",\"name\":\"Cresson de M\u00e9r\u00e9ville\",\"description\":\"Association de la Cre\u0301ssiculture Essonnienne\",\"publisher\":{\"@id\":\"https:\\\/\\\/cressondemereville.com\\\/#organization\"},\"potentialAction\":[{\"@type\":\"SearchAction\",\"target\":{\"@type\":\"EntryPoint\",\"urlTemplate\":\"https:\\\/\\\/cressondemereville.com\\\/?s={search_term_string}\"},\"query-input\":{\"@type\":\"PropertyValueSpecification\",\"valueRequired\":true,\"valueName\":\"search_term_string\"}}],\"inLanguage\":\"fr-FR\"},{\"@type\":\"Organization\",\"@id\":\"https:\\\/\\\/cressondemereville.com\\\/#organization\",\"name\":\"Association de la Cressiculture Essonnienne\",\"url\":\"https:\\\/\\\/cressondemereville.com\\\/\",\"logo\":{\"@type\":\"ImageObject\",\"inLanguage\":\"fr-FR\",\"@id\":\"https:\\\/\\\/cressondemereville.com\\\/#\\\/schema\\\/logo\\\/image\\\/\",\"url\":\"https:\\\/\\\/cressondemereville.com\\\/wp-content\\\/uploads\\\/2024\\\/03\\\/LOGO_RVB.png\",\"contentUrl\":\"https:\\\/\\\/cressondemereville.com\\\/wp-content\\\/uploads\\\/2024\\\/03\\\/LOGO_RVB.png\",\"width\":848,\"height\":736,\"caption\":\"Association de la Cressiculture Essonnienne\"},\"image\":{\"@id\":\"https:\\\/\\\/cressondemereville.com\\\/#\\\/schema\\\/logo\\\/image\\\/\"}}]}<\/script>\n<!-- \/ Yoast SEO plugin. -->","yoast_head_json":{"title":"LA CRESSONNI\u00c8RE \u00c7A COULE DE SOURCE - PRIVAT Vincent - Cresson de M\u00e9r\u00e9ville","robots":{"index":"index","follow":"follow","max-snippet":"max-snippet:-1","max-image-preview":"max-image-preview:large","max-video-preview":"max-video-preview:-1"},"canonical":"https:\/\/cressondemereville.com\/index.php\/directory-cressonniere\/listing\/cressonniere-privat-vincent\/","og_locale":"fr_FR","og_type":"article","og_title":"LA CRESSONNI\u00c8RE \u00c7A COULE DE SOURCE - PRIVAT Vincent - Cresson de M\u00e9r\u00e9ville","og_description":"D\u00e9couvrez Vincent Privat, un mara\u00eecher d\u00e9vou\u00e9 qui a troqu\u00e9 l&rsquo;art de la maroquinerie pour l&rsquo;agriculture biologique, en devenant producteur de cresson de fontaine dans l&rsquo;Essonne. Son exploitation, \u201c\u00c7a coule de source\u201d, est le fruit d&rsquo;une reconversion professionnelle guid\u00e9e par son amour pour la nature et le mara\u00eechage, d\u00e9couvert lors d&rsquo;une visite inspirante \u00e0 une cressonni\u00e8re. [&hellip;]","og_url":"https:\/\/cressondemereville.com\/index.php\/directory-cressonniere\/listing\/cressonniere-privat-vincent\/","og_site_name":"Cresson de M\u00e9r\u00e9ville","article_modified_time":"2024-04-05T11:10:36+00:00","twitter_card":"summary_large_image","twitter_misc":{"Dur\u00e9e de lecture estim\u00e9e":"2 minutes"},"schema":{"@context":"https:\/\/schema.org","@graph":[{"@type":"WebPage","@id":"https:\/\/cressondemereville.com\/index.php\/directory-cressonniere\/listing\/cressonniere-privat-vincent\/","url":"https:\/\/cressondemereville.com\/index.php\/directory-cressonniere\/listing\/cressonniere-privat-vincent\/","name":"LA CRESSONNI\u00c8RE \u00c7A COULE DE SOURCE - PRIVAT Vincent - Cresson de M\u00e9r\u00e9ville","isPartOf":{"@id":"https:\/\/cressondemereville.com\/#website"},"datePublished":"2024-03-22T10:20:05+00:00","dateModified":"2024-04-05T11:10:36+00:00","breadcrumb":{"@id":"https:\/\/cressondemereville.com\/index.php\/directory-cressonniere\/listing\/cressonniere-privat-vincent\/#breadcrumb"},"inLanguage":"fr-FR","potentialAction":[{"@type":"ReadAction","target":["https:\/\/cressondemereville.com\/index.php\/directory-cressonniere\/listing\/cressonniere-privat-vincent\/"]}]},{"@type":"BreadcrumbList","@id":"https:\/\/cressondemereville.com\/index.php\/directory-cressonniere\/listing\/cressonniere-privat-vincent\/#breadcrumb","itemListElement":[{"@type":"ListItem","position":1,"name":"Accueil","item":"https:\/\/cressondemereville.com\/"},{"@type":"ListItem","position":2,"name":"LA CRESSONNI\u00c8RE \u00c7A COULE DE SOURCE &#8211; PRIVAT Vincent"}]},{"@type":"WebSite","@id":"https:\/\/cressondemereville.com\/#website","url":"https:\/\/cressondemereville.com\/","name":"Cresson de M\u00e9r\u00e9ville","description":"Association de la Cre\u0301ssiculture Essonnienne","publisher":{"@id":"https:\/\/cressondemereville.com\/#organization"},"potentialAction":[{"@type":"SearchAction","target":{"@type":"EntryPoint","urlTemplate":"https:\/\/cressondemereville.com\/?s={search_term_string}"},"query-input":{"@type":"PropertyValueSpecification","valueRequired":true,"valueName":"search_term_string"}}],"inLanguage":"fr-FR"},{"@type":"Organization","@id":"https:\/\/cressondemereville.com\/#organization","name":"Association de la Cressiculture Essonnienne","url":"https:\/\/cressondemereville.com\/","logo":{"@type":"ImageObject","inLanguage":"fr-FR","@id":"https:\/\/cressondemereville.com\/#\/schema\/logo\/image\/","url":"https:\/\/cressondemereville.com\/wp-content\/uploads\/2024\/03\/LOGO_RVB.png","contentUrl":"https:\/\/cressondemereville.com\/wp-content\/uploads\/2024\/03\/LOGO_RVB.png","width":848,"height":736,"caption":"Association de la Cressiculture Essonnienne"},"image":{"@id":"https:\/\/cressondemereville.com\/#\/schema\/logo\/image\/"}}]}},"_links":{"self":[{"href":"https:\/\/cressondemereville.com\/index.php\/wp-json\/wp\/v2\/cressonniere_dir_ltg\/575","targetHints":{"allow":["GET"]}}],"collection":[{"href":"https:\/\/cressondemereville.com\/index.php\/wp-json\/wp\/v2\/cressonniere_dir_ltg"}],"about":[{"href":"https:\/\/cressondemereville.com\/index.php\/wp-json\/wp\/v2\/types\/cressonniere_dir_ltg"}],"author":[{"embeddable":true,"href":"https:\/\/cressondemereville.com\/index.php\/wp-json\/wp\/v2\/users\/1"}],"replies":[{"embeddable":true,"href":"https:\/\/cressondemereville.com\/index.php\/wp-json\/wp\/v2\/comments?post=575"}],"wp:attachment":[{"href":"https:\/\/cressondemereville.com\/index.php\/wp-json\/wp\/v2\/media?parent=575"}],"curies":[{"name":"wp","href":"https:\/\/api.w.org\/{rel}","templated":true}]}}

LA CRESSONNIÈRE ÇA COULE DE SOURCE &#8211; PRIVAT Vincent

<!-- This site is optimized with the Yoast SEO plugin v27.5 - https://yoast.com/product/yoast-seo-wordpress/ -->
<title>LA CRESSONNIÈRE ÇA COULE DE SOURCE - PRIVAT Vincent - Cresson de Méréville</title>
<meta name="robots" content="index, follow, max-snippet:-1, max-image-preview:large, max-video-preview:-1" />
<link rel="canonical" href="https://cressondemereville.com/index.php/directory-cressonniere/listing/cressonniere-privat-vincent/" />
<meta property="og:locale" content="fr_FR" />
<meta property="og:type" content="article" />
<meta property="og:title" content="LA CRESSONNIÈRE ÇA COULE DE SOURCE - PRIVAT Vincent - Cresson de Méréville" />
<meta property="og:description" content="Découvrez Vincent Privat, un maraîcher dévoué qui a troqué l&rsquo;art de la maroquinerie pour l&rsquo;agriculture biologique, en devenant producteur de cresson de fontaine dans l&rsquo;Essonne. Son exploitation, “Ça coule de source”, est le fruit d&rsquo;une reconversion professionnelle guidée par son amour pour la nature et le maraîchage, découvert lors d&rsquo;une visite inspirante à une cressonnière. [&hellip;]" />
<meta property="og:url" content="https://cressondemereville.com/index.php/directory-cressonniere/listing/cressonniere-privat-vincent/" />
<meta property="og:site_name" content="Cresson de Méréville" />
<meta property="article:modified_time" content="2024-04-05T11:10:36+00:00" />
<meta name="twitter:card" content="summary_large_image" />
<meta name="twitter:label1" content="Durée de lecture estimée" />
	<meta name="twitter:data1" content="2 minutes" />
<script type="application/ld+json" class="yoast-schema-graph">{"@context":"https:\/\/schema.org","@graph":[{"@type":"WebPage","@id":"https:\/\/cressondemereville.com\/index.php\/directory-cressonniere\/listing\/cressonniere-privat-vincent\/","url":"https:\/\/cressondemereville.com\/index.php\/directory-cressonniere\/listing\/cressonniere-privat-vincent\/","name":"LA CRESSONNIÈRE ÇA COULE DE SOURCE - PRIVAT Vincent - Cresson de Méréville","isPartOf":{"@id":"https:\/\/cressondemereville.com\/#website"},"datePublished":"2024-03-22T10:20:05+00:00","dateModified":"2024-04-05T11:10:36+00:00","breadcrumb":{"@id":"https:\/\/cressondemereville.com\/index.php\/directory-cressonniere\/listing\/cressonniere-privat-vincent\/#breadcrumb"},"inLanguage":"fr-FR","potentialAction":[{"@type":"ReadAction","target":["https:\/\/cressondemereville.com\/index.php\/directory-cressonniere\/listing\/cressonniere-privat-vincent\/"]}]},{"@type":"BreadcrumbList","@id":"https:\/\/cressondemereville.com\/index.php\/directory-cressonniere\/listing\/cressonniere-privat-vincent\/#breadcrumb","itemListElement":[{"@type":"ListItem","position":1,"name":"Accueil","item":"https:\/\/cressondemereville.com\/"},{"@type":"ListItem","position":2,"name":"LA CRESSONNIÈRE ÇA COULE DE SOURCE &#8211; PRIVAT Vincent"}]},{"@type":"WebSite","@id":"https:\/\/cressondemereville.com\/#website","url":"https:\/\/cressondemereville.com\/","name":"Cresson de Méréville","description":"Association de la Créssiculture Essonnienne","publisher":{"@id":"https:\/\/cressondemereville.com\/#organization"},"potentialAction":[{"@type":"SearchAction","target":{"@type":"EntryPoint","urlTemplate":"https:\/\/cressondemereville.com\/?s={search_term_string}"},"query-input":{"@type":"PropertyValueSpecification","valueRequired":true,"valueName":"search_term_string"}}],"inLanguage":"fr-FR"},{"@type":"Organization","@id":"https:\/\/cressondemereville.com\/#organization","name":"Association de la Cressiculture Essonnienne","url":"https:\/\/cressondemereville.com\/","logo":{"@type":"ImageObject","inLanguage":"fr-FR","@id":"https:\/\/cressondemereville.com\/#\/schema\/logo\/image\/","url":"https:\/\/cressondemereville.com\/wp-content\/uploads\/2024\/03\/LOGO_RVB.png","contentUrl":"https:\/\/cressondemereville.com\/wp-content\/uploads\/2024\/03\/LOGO_RVB.png","width":848,"height":736,"caption":"Association de la Cressiculture Essonnienne"},"image":{"@id":"https:\/\/cressondemereville.com\/#\/schema\/logo\/image\/"}}]}</script>
<!-- / Yoast SEO plugin. -->

LA CRESSONNIÈRE ÇA COULE DE SOURCE - PRIVAT Vincent - Cresson de Méréville

Découvrez Vincent Privat, un maraîcher dévoué qui a troqué l&rsquo;art de la maroquinerie pour l&rsquo;agriculture biologique, en devenant producteur de cresson de fontaine dans l&rsquo;Essonne. Son exploitation, “Ça coule de source”, est le fruit d&rsquo;une reconversion professionnelle guidée par son amour pour la nature et le maraîchage, découvert lors d&rsquo;une visite inspirante à une cressonnière. [&hellip;]

Cresson de Méréville
