{"id":570,"date":"2024-03-22T11:20:03","date_gmt":"2024-03-22T10:20:03","guid":{"rendered":"https:\/\/cressondemereville.com\/index.php\/directory-cressonniere\/listing\/cressonniere-barberon-gatien\/"},"modified":"2024-04-02T16:46:37","modified_gmt":"2024-04-02T14:46:37","slug":"cressonniere-barberon-gatien","status":"publish","type":"cressonniere_dir_ltg","link":"https:\/\/cressondemereville.com\/index.php\/directory-cressonniere\/listing\/cressonniere-barberon-gatien\/","title":{"rendered":"Cressonniere Saint Eloi &#8211; BARBERON Gatien"},"author":1,"comment_status":"closed","ping_status":"closed","template":"","class_list":["post-570","cressonniere_dir_ltg","type-cressonniere_dir_ltg","status-publish","hentry","cressonniere_dir_cat-igp","cressonniere_dir_cat-vente","cressonniere_dir_cat-info"],"yoast_head":"<!-- This site is optimized with the Yoast SEO plugin v27.5 - https:\/\/yoast.com\/product\/yoast-seo-wordpress\/ -->\n<title>Cressonniere Saint Eloi - BARBERON Gatien - Cresson de M\u00e9r\u00e9ville<\/title>\n<meta name=\"robots\" content=\"index, follow, max-snippet:-1, max-image-preview:large, max-video-preview:-1\" \/>\n<link rel=\"canonical\" href=\"https:\/\/cressondemereville.com\/index.php\/directory-cressonniere\/listing\/cressonniere-barberon-gatien\/\" \/>\n<meta property=\"og:locale\" content=\"fr_FR\" \/>\n<meta property=\"og:type\" content=\"article\" \/>\n<meta property=\"og:title\" content=\"Cressonniere Saint Eloi - BARBERON Gatien - Cresson de M\u00e9r\u00e9ville\" \/>\n<meta property=\"og:description\" content=\"La cressonni\u00e8re \u00e0 \u00e9t\u00e9 rachet\u00e9e par Terre de Liens en 2015 afin que le projet puisse perdurer. Les visites sont pr\u00e9f\u00e9rables entre septembre et mai (prendre RDV par t\u00e9l\u00e9phone). Gatien \u00e9tant sourd, les visites sont adapt\u00e9es aux personnes sourdes ou malentendantes. Vente de produit BIO \u00ab\u00a0cresson \u00a0\u00bb (bouteille ap\u00e9ritif au cresson, soupe, tartinades, fricass\u00e9e, possibilit\u00e9 [&hellip;]\" \/>\n<meta property=\"og:url\" content=\"https:\/\/cressondemereville.com\/index.php\/directory-cressonniere\/listing\/cressonniere-barberon-gatien\/\" \/>\n<meta property=\"og:site_name\" content=\"Cresson de M\u00e9r\u00e9ville\" \/>\n<meta property=\"article:modified_time\" content=\"2024-04-02T14:46:37+00:00\" \/>\n<meta name=\"twitter:card\" content=\"summary_large_image\" \/>\n<meta name=\"twitter:label1\" content=\"Dur\u00e9e de lecture estim\u00e9e\" \/>\n\t<meta name=\"twitter:data1\" content=\"1 minute\" \/>\n<script type=\"application\/ld+json\" class=\"yoast-schema-graph\">{\"@context\":\"https:\\\/\\\/schema.org\",\"@graph\":[{\"@type\":\"WebPage\",\"@id\":\"https:\\\/\\\/cressondemereville.com\\\/index.php\\\/directory-cressonniere\\\/listing\\\/cressonniere-barberon-gatien\\\/\",\"url\":\"https:\\\/\\\/cressondemereville.com\\\/index.php\\\/directory-cressonniere\\\/listing\\\/cressonniere-barberon-gatien\\\/\",\"name\":\"Cressonniere Saint Eloi - BARBERON Gatien - Cresson de M\u00e9r\u00e9ville\",\"isPartOf\":{\"@id\":\"https:\\\/\\\/cressondemereville.com\\\/#website\"},\"datePublished\":\"2024-03-22T10:20:03+00:00\",\"dateModified\":\"2024-04-02T14:46:37+00:00\",\"breadcrumb\":{\"@id\":\"https:\\\/\\\/cressondemereville.com\\\/index.php\\\/directory-cressonniere\\\/listing\\\/cressonniere-barberon-gatien\\\/#breadcrumb\"},\"inLanguage\":\"fr-FR\",\"potentialAction\":[{\"@type\":\"ReadAction\",\"target\":[\"https:\\\/\\\/cressondemereville.com\\\/index.php\\\/directory-cressonniere\\\/listing\\\/cressonniere-barberon-gatien\\\/\"]}]},{\"@type\":\"BreadcrumbList\",\"@id\":\"https:\\\/\\\/cressondemereville.com\\\/index.php\\\/directory-cressonniere\\\/listing\\\/cressonniere-barberon-gatien\\\/#breadcrumb\",\"itemListElement\":[{\"@type\":\"ListItem\",\"position\":1,\"name\":\"Accueil\",\"item\":\"https:\\\/\\\/cressondemereville.com\\\/\"},{\"@type\":\"ListItem\",\"position\":2,\"name\":\"Cressonniere Saint Eloi &#8211; BARBERON Gatien\"}]},{\"@type\":\"WebSite\",\"@id\":\"https:\\\/\\\/cressondemereville.com\\\/#website\",\"url\":\"https:\\\/\\\/cressondemereville.com\\\/\",\"name\":\"Cresson de M\u00e9r\u00e9ville\",\"description\":\"Association de la Cre\u0301ssiculture Essonnienne\",\"publisher\":{\"@id\":\"https:\\\/\\\/cressondemereville.com\\\/#organization\"},\"potentialAction\":[{\"@type\":\"SearchAction\",\"target\":{\"@type\":\"EntryPoint\",\"urlTemplate\":\"https:\\\/\\\/cressondemereville.com\\\/?s={search_term_string}\"},\"query-input\":{\"@type\":\"PropertyValueSpecification\",\"valueRequired\":true,\"valueName\":\"search_term_string\"}}],\"inLanguage\":\"fr-FR\"},{\"@type\":\"Organization\",\"@id\":\"https:\\\/\\\/cressondemereville.com\\\/#organization\",\"name\":\"Association de la Cressiculture Essonnienne\",\"url\":\"https:\\\/\\\/cressondemereville.com\\\/\",\"logo\":{\"@type\":\"ImageObject\",\"inLanguage\":\"fr-FR\",\"@id\":\"https:\\\/\\\/cressondemereville.com\\\/#\\\/schema\\\/logo\\\/image\\\/\",\"url\":\"https:\\\/\\\/cressondemereville.com\\\/wp-content\\\/uploads\\\/2024\\\/03\\\/LOGO_RVB.png\",\"contentUrl\":\"https:\\\/\\\/cressondemereville.com\\\/wp-content\\\/uploads\\\/2024\\\/03\\\/LOGO_RVB.png\",\"width\":848,\"height\":736,\"caption\":\"Association de la Cressiculture Essonnienne\"},\"image\":{\"@id\":\"https:\\\/\\\/cressondemereville.com\\\/#\\\/schema\\\/logo\\\/image\\\/\"}}]}<\/script>\n<!-- \/ Yoast SEO plugin. -->","yoast_head_json":{"title":"Cressonniere Saint Eloi - BARBERON Gatien - Cresson de M\u00e9r\u00e9ville","robots":{"index":"index","follow":"follow","max-snippet":"max-snippet:-1","max-image-preview":"max-image-preview:large","max-video-preview":"max-video-preview:-1"},"canonical":"https:\/\/cressondemereville.com\/index.php\/directory-cressonniere\/listing\/cressonniere-barberon-gatien\/","og_locale":"fr_FR","og_type":"article","og_title":"Cressonniere Saint Eloi - BARBERON Gatien - Cresson de M\u00e9r\u00e9ville","og_description":"La cressonni\u00e8re \u00e0 \u00e9t\u00e9 rachet\u00e9e par Terre de Liens en 2015 afin que le projet puisse perdurer. Les visites sont pr\u00e9f\u00e9rables entre septembre et mai (prendre RDV par t\u00e9l\u00e9phone). Gatien \u00e9tant sourd, les visites sont adapt\u00e9es aux personnes sourdes ou malentendantes. Vente de produit BIO \u00ab\u00a0cresson \u00a0\u00bb (bouteille ap\u00e9ritif au cresson, soupe, tartinades, fricass\u00e9e, possibilit\u00e9 [&hellip;]","og_url":"https:\/\/cressondemereville.com\/index.php\/directory-cressonniere\/listing\/cressonniere-barberon-gatien\/","og_site_name":"Cresson de M\u00e9r\u00e9ville","article_modified_time":"2024-04-02T14:46:37+00:00","twitter_card":"summary_large_image","twitter_misc":{"Dur\u00e9e de lecture estim\u00e9e":"1 minute"},"schema":{"@context":"https:\/\/schema.org","@graph":[{"@type":"WebPage","@id":"https:\/\/cressondemereville.com\/index.php\/directory-cressonniere\/listing\/cressonniere-barberon-gatien\/","url":"https:\/\/cressondemereville.com\/index.php\/directory-cressonniere\/listing\/cressonniere-barberon-gatien\/","name":"Cressonniere Saint Eloi - BARBERON Gatien - Cresson de M\u00e9r\u00e9ville","isPartOf":{"@id":"https:\/\/cressondemereville.com\/#website"},"datePublished":"2024-03-22T10:20:03+00:00","dateModified":"2024-04-02T14:46:37+00:00","breadcrumb":{"@id":"https:\/\/cressondemereville.com\/index.php\/directory-cressonniere\/listing\/cressonniere-barberon-gatien\/#breadcrumb"},"inLanguage":"fr-FR","potentialAction":[{"@type":"ReadAction","target":["https:\/\/cressondemereville.com\/index.php\/directory-cressonniere\/listing\/cressonniere-barberon-gatien\/"]}]},{"@type":"BreadcrumbList","@id":"https:\/\/cressondemereville.com\/index.php\/directory-cressonniere\/listing\/cressonniere-barberon-gatien\/#breadcrumb","itemListElement":[{"@type":"ListItem","position":1,"name":"Accueil","item":"https:\/\/cressondemereville.com\/"},{"@type":"ListItem","position":2,"name":"Cressonniere Saint Eloi &#8211; BARBERON Gatien"}]},{"@type":"WebSite","@id":"https:\/\/cressondemereville.com\/#website","url":"https:\/\/cressondemereville.com\/","name":"Cresson de M\u00e9r\u00e9ville","description":"Association de la Cre\u0301ssiculture Essonnienne","publisher":{"@id":"https:\/\/cressondemereville.com\/#organization"},"potentialAction":[{"@type":"SearchAction","target":{"@type":"EntryPoint","urlTemplate":"https:\/\/cressondemereville.com\/?s={search_term_string}"},"query-input":{"@type":"PropertyValueSpecification","valueRequired":true,"valueName":"search_term_string"}}],"inLanguage":"fr-FR"},{"@type":"Organization","@id":"https:\/\/cressondemereville.com\/#organization","name":"Association de la Cressiculture Essonnienne","url":"https:\/\/cressondemereville.com\/","logo":{"@type":"ImageObject","inLanguage":"fr-FR","@id":"https:\/\/cressondemereville.com\/#\/schema\/logo\/image\/","url":"https:\/\/cressondemereville.com\/wp-content\/uploads\/2024\/03\/LOGO_RVB.png","contentUrl":"https:\/\/cressondemereville.com\/wp-content\/uploads\/2024\/03\/LOGO_RVB.png","width":848,"height":736,"caption":"Association de la Cressiculture Essonnienne"},"image":{"@id":"https:\/\/cressondemereville.com\/#\/schema\/logo\/image\/"}}]}},"_links":{"self":[{"href":"https:\/\/cressondemereville.com\/index.php\/wp-json\/wp\/v2\/cressonniere_dir_ltg\/570","targetHints":{"allow":["GET"]}}],"collection":[{"href":"https:\/\/cressondemereville.com\/index.php\/wp-json\/wp\/v2\/cressonniere_dir_ltg"}],"about":[{"href":"https:\/\/cressondemereville.com\/index.php\/wp-json\/wp\/v2\/types\/cressonniere_dir_ltg"}],"author":[{"embeddable":true,"href":"https:\/\/cressondemereville.com\/index.php\/wp-json\/wp\/v2\/users\/1"}],"replies":[{"embeddable":true,"href":"https:\/\/cressondemereville.com\/index.php\/wp-json\/wp\/v2\/comments?post=570"}],"wp:attachment":[{"href":"https:\/\/cressondemereville.com\/index.php\/wp-json\/wp\/v2\/media?parent=570"}],"curies":[{"name":"wp","href":"https:\/\/api.w.org\/{rel}","templated":true}]}}

<!-- This site is optimized with the Yoast SEO plugin v27.5 - https://yoast.com/product/yoast-seo-wordpress/ -->
<title>Cressonniere Saint Eloi - BARBERON Gatien - Cresson de Méréville</title>
<meta name="robots" content="index, follow, max-snippet:-1, max-image-preview:large, max-video-preview:-1" />
<link rel="canonical" href="https://cressondemereville.com/index.php/directory-cressonniere/listing/cressonniere-barberon-gatien/" />
<meta property="og:locale" content="fr_FR" />
<meta property="og:type" content="article" />
<meta property="og:title" content="Cressonniere Saint Eloi - BARBERON Gatien - Cresson de Méréville" />
<meta property="og:description" content="La cressonnière à été rachetée par Terre de Liens en 2015 afin que le projet puisse perdurer. Les visites sont préférables entre septembre et mai (prendre RDV par téléphone). Gatien étant sourd, les visites sont adaptées aux personnes sourdes ou malentendantes. Vente de produit BIO « cresson  » (bouteille apéritif au cresson, soupe, tartinades, fricassée, possibilité [&hellip;]" />
<meta property="og:url" content="https://cressondemereville.com/index.php/directory-cressonniere/listing/cressonniere-barberon-gatien/" />
<meta property="og:site_name" content="Cresson de Méréville" />
<meta property="article:modified_time" content="2024-04-02T14:46:37+00:00" />
<meta name="twitter:card" content="summary_large_image" />
<meta name="twitter:label1" content="Durée de lecture estimée" />
	<meta name="twitter:data1" content="1 minute" />
<script type="application/ld+json" class="yoast-schema-graph">{"@context":"https:\/\/schema.org","@graph":[{"@type":"WebPage","@id":"https:\/\/cressondemereville.com\/index.php\/directory-cressonniere\/listing\/cressonniere-barberon-gatien\/","url":"https:\/\/cressondemereville.com\/index.php\/directory-cressonniere\/listing\/cressonniere-barberon-gatien\/","name":"Cressonniere Saint Eloi - BARBERON Gatien - Cresson de Méréville","isPartOf":{"@id":"https:\/\/cressondemereville.com\/#website"},"datePublished":"2024-03-22T10:20:03+00:00","dateModified":"2024-04-02T14:46:37+00:00","breadcrumb":{"@id":"https:\/\/cressondemereville.com\/index.php\/directory-cressonniere\/listing\/cressonniere-barberon-gatien\/#breadcrumb"},"inLanguage":"fr-FR","potentialAction":[{"@type":"ReadAction","target":["https:\/\/cressondemereville.com\/index.php\/directory-cressonniere\/listing\/cressonniere-barberon-gatien\/"]}]},{"@type":"BreadcrumbList","@id":"https:\/\/cressondemereville.com\/index.php\/directory-cressonniere\/listing\/cressonniere-barberon-gatien\/#breadcrumb","itemListElement":[{"@type":"ListItem","position":1,"name":"Accueil","item":"https:\/\/cressondemereville.com\/"},{"@type":"ListItem","position":2,"name":"Cressonniere Saint Eloi &#8211; BARBERON Gatien"}]},{"@type":"WebSite","@id":"https:\/\/cressondemereville.com\/#website","url":"https:\/\/cressondemereville.com\/","name":"Cresson de Méréville","description":"Association de la Créssiculture Essonnienne","publisher":{"@id":"https:\/\/cressondemereville.com\/#organization"},"potentialAction":[{"@type":"SearchAction","target":{"@type":"EntryPoint","urlTemplate":"https:\/\/cressondemereville.com\/?s={search_term_string}"},"query-input":{"@type":"PropertyValueSpecification","valueRequired":true,"valueName":"search_term_string"}}],"inLanguage":"fr-FR"},{"@type":"Organization","@id":"https:\/\/cressondemereville.com\/#organization","name":"Association de la Cressiculture Essonnienne","url":"https:\/\/cressondemereville.com\/","logo":{"@type":"ImageObject","inLanguage":"fr-FR","@id":"https:\/\/cressondemereville.com\/#\/schema\/logo\/image\/","url":"https:\/\/cressondemereville.com\/wp-content\/uploads\/2024\/03\/LOGO_RVB.png","contentUrl":"https:\/\/cressondemereville.com\/wp-content\/uploads\/2024\/03\/LOGO_RVB.png","width":848,"height":736,"caption":"Association de la Cressiculture Essonnienne"},"image":{"@id":"https:\/\/cressondemereville.com\/#\/schema\/logo\/image\/"}}]}</script>
<!-- / Yoast SEO plugin. -->

Cressonniere Saint Eloi - BARBERON Gatien - Cresson de Méréville

La cressonnière à été rachetée par Terre de Liens en 2015 afin que le projet puisse perdurer. Les visites sont préférables entre septembre et mai (prendre RDV par téléphone). Gatien étant sourd, les visites sont adaptées aux personnes sourdes ou malentendantes. Vente de produit BIO « cresson  » (bouteille apéritif au cresson, soupe, tartinades, fricassée, possibilité [&hellip;]

Cresson de Méréville
